3*g - 3*l + 17, 2*l + 5 = 3*g. Suppose 15 = g*m - 0. Suppose -130 = -m*c - 25. What is the remainder when c is divided by 11?
10
Let q(k) = 12*k**2 + k. Calculate the remainder when 51 is divided by q(1).
12
Suppose 3*o + 1 = -2. What is the remainder when 42 is divided by 1 + (-10)/(0 + o)?
9
Let j(m) = 27*m**3 + m - 1. Calculate the remainder when j(1) is divided by 14.
13
Calculate the remainder when 2/(8/189) + (-1)/4 is divided by 17.
13
Let f(x) = -x**3 + 3*x**2 + 2*x + 1. Let l be f(-2). Let g be 43/(-5) + 2/(-5). Let q = g + l. Calculate the remainder when q is divided by 3.
2
Suppose 7*j - 44 = 5*j + v, 0 = 4*j - 4*v - 80. Suppose 2*m - j = -0*m. Suppose -4*a + 3*a = -35. What is the remainder when a is divided by m?
11
Let u(a) = a + 3. Let p be u(3). Suppose -5*x + 29 = -p. What is the remainder when 19 is divided by x?
5
Suppose 0*o + 2*o + 10 = c, -4*c + 3*o = -50. What is the remainder when c is divided by 6?
2
Suppose -4*o - 22 - 57 = -s, -193 = -3*s + o. Suppose 0 = -2*r - 2*r + 88. Calculate the remainder when s is divided by r.
19
Let q(z) = z**2 + 6*z - 11. What is the remainder when 9 is divided by q(-8)?
4
Suppose 23 = 5*m - 4*r - 20, -m + 2*r + 5 = 0. Calculate the remainder when 75 is divided by m.
9
Let s(n) = 0*n + 3 + n - 2. What is the remainder when s(3) is divided by 2/4*-2 + 4?
1
Suppose 516 = 4*o + 164. What is the remainder when o is divided by 15?
13
Calculate the remainder when ((-6)/(-9))/((-1)/(-18)) is divided by 5.
2
Let w = -60 + 65. What is the remainder when 59 is divided by w?
4
Let f(q) be the third derivative of -q**6/120 + q**5/60 - q**4/8 + q**3/3 + q**2. Let n be f(2). Let m = 2 - n. Calculate the remainder when 38 is divided by m.
8
Suppose j + 1 = 0, 5*b - 2*j = -3*j + 184. Calculate the remainder when b is divided by 19.
18
Suppose 10 = 3*z - z. Let q = 1 + z. Calculate the remainder when 11 is divided by q.
5
Suppose -7*g + 49 = -63. Calculate the remainder when 46 is divided by g.
14
Let s = -11 + 15. Let z(i) = 5*i. Let t = -3 + 5. What is the remainder when z(t) is divided by s?
2
Let m(u) = 8 - 12 - 10 - 9*u + u**2 + 0*u. What is the remainder when 31 is divided by m(11)?
7
Suppose -3*m + p + 180 = -0*p, 0 = 5*p + 15. Calculate the remainder when m is divided by 15.
14
Let k = -48 + 83. Calculate the remainder when k is divided by 18.
17
Let p = 6 - 8. Let s(g) = 7*g**2 - g. Let t be s(p). Suppose 4*a = t + 2. Calculate the remainder when 22 is divided by a.
6
Suppose 4*a - 9 = -3*g, 5*a - 4*g = -0*g + 50. Suppose 4*f = -4*h + 33 - 9, 0 = 3*f - 4*h + 17. What is the remainder when a + (0 + 2)*f is divided by 3?
2
Suppose k + q - 19 = 0, -4*q + 106 = 5*k + 16. Calculate the remainder when 25 is divided by k.
11
Let r be (4/(-3))/((-6)/9). Suppose 2*u + r*u - 64 = 0. Calculate the remainder when 47 is divided by u.
15
Let o(l) = l**2 + 9*l - 12. Let c be o(-10). Let a be (282/(-18))/(c/6). What is the remainder when (a - 3) + 1*2 is divided by 16?
14
Let f(m) = m**3 + 6*m**2 + 4*m + 9. Let h(o) = -3*o + 14. Let s be h(6). Calculate the remainder when 49 is divided by f(s).
24
Let q = -168 + 256. Calculate the remainder when q is divided by 18.
16
Suppose 4*a = 5*o - 135, 0*o + 5*a = o - 27. Calculate the remainder when o is divided by 10.
7
Let f = 8 + -8. Suppose f = t - 0*t - 39. Suppose -6*k + 3*k + t = 0. What is the remainder when k is divided by 5?
3
Let f = -2 + 2. Suppose f*k = 5*k - 90. Let b(a) = -a**2 - 9*a - 8. Calculate the remainder when k is divided by b(-6).
8
Calculate the remainder when (-1)/5 - (-424)/20 is divided by 12.
9
Let n(g) = -g**2 - 12*g + 8. Suppose -q - 22 = 2*p, -1 = p - 0*p - 2*q. What is the remainder when 102 is divided by n(p)?
32
Let d = 6 + -2. Suppose -3*s = -d*s - 59. Let u = -19 - s. Calculate the remainder when u is divided by 14.
12
Let a = 34 - 0. Calculate the remainder when 203 is divided by a.
33
Suppose -3*k + 19 = 2*l, -k - l + 14 = k. Calculate the remainder when 25 is divided by k.
7
Suppose 4*d = -0*p - p - 11, 0 = -3*p - 2*d + 17. Let o = 11 - -15. What is the remainder when o is divided by p?
8
Let w(o) = -o - 4. Let h be w(-11). Suppose -10*z + h*z + 39 = 0. Calculate the remainder when z is divided by (4/6)/((-2)/(-15)).
3
Let d be (-136)/(-36) + (-4)/(-18). Suppose -l - d*l - 64 = -2*s, 5*l = 5*s - 130. What is the remainder when 64 is divided by s?
20
Let w(a) = 6*a**2 - a**2 - 2 + 6*a - a**2 - 5*a**2. What is the remainder when 25 is divided by w(3)?
4
Suppose n = 3*n. Let p = 1 + n. What is the remainder when p - -24 - (-2)/2 is divided by 9?
8
Suppose 0*l + 2*l - 32 = u, -8 = 2*u. Let k = -721 + 803. Calculate the remainder when k is divided by l.
12
Let m = 50 + -36. What is the remainder when 26 is divided by m?
12
Suppose 4*v = 27 + 1. Suppose -4*t = -v*t + 30. What is the remainder when 28 is divided by t?
8
Let h(v) = v**3 - 1. Let u be h(1). Suppose u*c = 3*c - 150. Calculate the remainder when c is divided by 17.
16
Suppose 0 = 2*u - u + 2*t + 18, t + 3 = 0. Calculate the remainder when 5 - 1 - (-19 + u) is divided by 12.
11
Let x = -33 - -46. What is the remainder when x is divided by 7?
6
Let l = -19 - -45. Calculate the remainder when 51 is divided by l.
25
Let u = 42 + -37. Calculate the remainder when 8 is divided by u.
3
Calculate the remainder when 107 is divided by (-2)/((-4)/50) - -2.
26
Suppose -115 = -5*g - 0*g. What is the remainder when 90 is divided by g?
21
Let m be 0/1 - (2 + -20). Let d = 43 - m. Let s = -22 + 31. Calculate the remainder when d is divided by s.
7
Let f(c) be the third derivative of c**5/30 + c**4/4 + 5*c**3/6 + c**2. Calculate the remainder when 37 is divided by f(-4).
11
Let o(b) = 113*b - 12. What is the remainder when o(2) is divided by 36?
34
Suppose p + 4 + 2 = 0. Calculate the remainder when (6/(-4))/(1/p) is divided by 5.
4
What is the remainder when (13/(-5) + 4)*145 is divided by 34?
33
Let f(c) = 2*c**2 + 4*c + 2. Let g be f(-2). Suppose r = -3*r - g*w + 152, -2*r = 2*w - 76. Calculate the remainder when r is divided by 10.
8
Let s = -25 - -71. Let u be 5 + (-1 - (-6)/(-3)). Suppose -111 = -4*a + 3*w, -u*w = -w + 5. What is the remainder when s is divided by a?
22
Suppose -5*f + 468 = f. Calculate the remainder when f is divided by 27.
24
Let o(g) = 2*g**2 - 6*g. Let d(z) = -1. Let n(y) = 3*d(y) + o(y). Suppose -18 = -3*p + 3*k, 2*p + 0*k = -k + 9. What is the remainder when n(p) is divided by 6?
5
Let o = 15 + 7. Let h = -16 + o. What is the remainder when 107/5 - (-6)/(-15) is divided by h?
3
Let s = -5 + 30. What is the remainder when 47 is divided by s?
22
Let g(r) = -5*r - 4. Let x be g(-3). Suppose -4*q = 4*c - 83 + x, 3*c = -9. What is the remainder when 60 is divided by q?
18
Suppose -39 - 69 = -4*h. What is the remainder when h is divided by 4?
3
Suppose -5 - 79 = -4*d. Let x = -2 + d. What is the remainder when 35 is divided by x?
16
Let t(n) = 5*n**3 - n**2 + 1. Let o be t(1). Suppose -35 = -o*i + 130. Let x = i + -7. Calculate the remainder when x is divided by 7.
5
Suppose 3*c - 2*r + 4 = 21, 3*c = -2*r + 1. Suppose -2*i = -5*d + 20, 0 = -2*d + c*i + 13 - 5. Calculate the remainder when 13 is divided by d.
1
Let z(d) = -d**2 - 5*d - 2. Let n be z(-3). Calculate the remainder when 39 - 2*(-1)/1 is divided by n/(8/22) - -3.
13
Suppose 2*r + m - 27 = -2*r, 0 = -3*r - 3*m + 27. Suppose 3*t - r = 3, -2*t + 68 = 2*d. What is the remainder when d is divided by 8?
7
Let c(n) = -3*n. Let t be c(1). Let d(s) = 2*s**2 - 3*s. What is the remainder when d(t) is divided by 14?
13
Calculate the remainder when -3*(-20)/(-15) + 41*1 is divided by 16.
5
Suppose 211 = 5*i + 3*k, 2*k = -3*k - 15. Calculate the remainder when i is divided by 12.
8
Let v be ((-12)/(-30))/((-2)/(-10)). Calculate the remainder when 10 is divided by -12*(9/6 - v).
4
Suppose -4*m = o - 4*o - 10, 3*m - 3*o = 6. Suppose f - 1 = -4*d + 38, -d + f + 11 = 0. Calculate the remainder when d is divided by m.
2
Let d(x) = -x**3 - 6*x**2 - 7*x - 1. Let i be 30/9*(-6)/4. What is the remainder when d(i) is divided by 3?
0
Let f(c) be the first derivative of 2*c**3 - 2*c**2 - 1/4*c**4 + 3*c - 2. What is the remainder when 20 is divided by f(2)?
9
Let a = 6 - 3. Suppose 5*l + 4 = -2*o, 6 = l + 4. Let h = o - -14. What i